e factors of 164651.
229, 719
What are the prime factors of 1647347?
13, 126719
What are the prime factors of 10155003?
3, 41, 82561
List the prime factors of 177033.
3, 59011
What are the prime factors of 1704521?
7, 13, 18731
What are the prime factors of 41813?
41813
What are the prime factors of 207589?
207589
What are the prime factors of 16340213?
17, 961189
What are the prime factors of 2720643?
3, 906881
What are the prime factors of 6870357?
3, 13, 4517
What are the prime factors of 4832144?
2, 302009
List the prime factors of 13570550.
2, 5, 7, 29, 191
List the prime factors of 4004625.
3, 5, 59, 181
List the prime factors of 615806.
2, 307903
What are the prime factors of 2953651?
277, 10663
What are the prime factors of 227277?
3, 25253
List the prime factors of 944398.
2, 7, 13, 5189
List the prime factors of 1252954.
2, 626477
What are the prime factors of 264012?
2, 3, 7, 449
List the prime factors of 2766073.
691, 4003
List the prime factors of 2779145.
5, 555829
List the prime factors of 29639471.
29639471
What are the prime factors of 199536?
2, 3, 4157
What are the prime factors of 30225085?
5, 11, 549547
What are the prime factors of 100825?
5, 37, 109
List the prime factors of 1877098.
2, 71, 13219
What are the prime factors of 1226139?
3, 408713
What are the prime factors of 507032?
2, 61, 1039
What are the prime factors of 49019?
49019
List the prime factors of 6344595.
3, 5, 46997
What are the prime factors of 323941?
41, 7901
List the prime factors of 19416324.
2, 3, 23, 103, 683
List the prime factors of 771656.
2, 96457
List the prime factors of 4948427.
11, 23, 19559
List the prime factors of 5866302.
2, 3, 13, 75209
List the prime factors of 1772166.
2, 3, 11, 2441
List the prime factors of 749628.
2, 3, 11, 631
List the prime factors of 2613403.
13, 201031
What are the prime factors of 1877937?
3, 625979
List the prime factors of 2829605.
5, 565921
What are the prime factors of 320884?
2, 80221
List the prime factors of 356407.
31, 11497
What are the prime factors of 2758859?
67, 41177
List the prime factors of 1363413.
3, 37, 71, 173
What are the prime factors of 774356?
2, 11, 17599
What are the prime factors of 6371480?
2, 5, 159287
List the prime factors of 8572841.
8572841
What are the prime factors of 2101?
11, 191
What are the prime factors of 627863?
139, 4517
What are the prime factors of 18795505?
5, 3759101
What are the prime factors of 32563472?
2, 1319, 1543
List the prime factors of 1188778.
2, 23, 43, 601
What are the prime factors of 2124682?
2, 7, 47, 3229
List the prime factors of 4561187.
211, 21617
List the prime factors of 1744618.
2, 19, 31, 1481
List the prime factors of 448192.
2, 47, 149
What are the prime factors of 273037?
17, 16061
What are the prime factors of 5572497?
3, 7, 443, 599
List the prime factors of 14136354.
2, 3, 785353
List the prime factors of 2893.
11, 263
List the prime factors of 136664.
2, 11, 1553
List the prime factors of 32984143.
32984143
List the prime factors of 2150639.
2150639
What are the prime factors of 3743813?
29, 129097
What are the prime factors of 16731735?
3, 5, 1115449
List the prime factors of 4686178.
2, 7, 334727
What are the prime factors of 6773980?
2, 5, 577, 587
What are the prime factors of 30787132?
2, 1559, 4937
List the prime factors of 8148112.
2, 7, 19, 547
What are the prime factors of 6022765?
5, 7, 172079
What are the prime factors of 622672?
2, 38917
List the prime factors of 10878737.
31, 89, 3943
What are the prime factors of 2563576?
2, 31, 10337
List the prime factors of 87028.
2, 21757
What are the prime factors of 3187203?
3, 31, 43, 797
What are the prime factors of 701601?
3, 97, 2411
List the prime factors of 86897.
113, 769
What are the prime factors of 6345335?
5, 17, 19, 3929
What are the prime factors of 13892150?
2, 5, 79, 3517
List the prime factors of 4082145.
3, 5, 71, 3833
What are the prime factors of 1685508?
2, 3, 11, 113
What are the prime factors of 766907?
766907
What are the prime factors of 7109717?
751, 9467
List the prime factors of 1004766.
2, 3, 7, 47, 509
List the prime factors of 2952698.
2, 7, 210907
What are the prime factors of 2010060?
2, 3, 5, 13, 859
What are the prime factors of 1897518?
2, 3, 7, 45179
What are the prime factors of 2440299?
3, 17, 59, 811
List the prime factors of 5088709.
5088709
What are the prime factors of 231887?
67, 3461
What are the prime factors of 21360?
2, 3, 5, 89
List the prime factors of 458895.
3, 5, 30593
List the prime factors of 1430367.
3, 29, 41, 401
List the prime factors of 6510140.
2, 5, 7, 13, 73
List the prime factors of 1230070.
2, 5, 123007
What are the prime factors of 525754?
2, 262877
What are the prime factors of 69194?
2, 29, 1193
List the prime factors of 94937.
139, 683
What are the prime factors of 357119?
7, 17, 3001
List the prime factors of 1680621.
3, 560207
What are the prime factors of 5955191?
11, 541381
List the prime factors of 660943.
17, 2287
What are the prime factors of 8800967?
7, 1257281
List the prime factors of 1218895.
5, 433, 563
What are the prime factors of 771528?
2, 3, 17, 31, 61
What are the prime factors of 1500425?
5, 60017
What are the prime factors of 1207482?
2, 3, 201247
What are the prime factors of 81918?
2, 3, 37, 41
List the prime factors of 139640.
2, 5, 3491
List the prime factors of 317264.
2, 79, 251
List the prime factors of 370001.
23, 16087
List the prime factors of 45866.
2, 17, 19, 71
What are the prime factors of 10746770?
2, 5, 31, 34667
List the prime factors of 5043835.
5, 19, 53093
List the prime factors of 1346107.
7, 103, 1867
List the prime factors of 1607594.
2, 61, 13177
What are the prime factors of 246417?
3, 82139
What are the prime factors of 31092837?
3, 179, 57901
List the prime factors of 271939.
271939
List the prime factors of 19625011.
7, 2803573
What are the prime factors of 13350643?
29, 61, 7547
What are the prime factors of 108853?
199, 547
What are the prime factors of 1213171?
17, 71363
What are the prime factors of 4085992?
2, 47, 10867
What are the prime factors of 3982606?
2, 37, 53819
What are the prime factors of 20826470?
2, 5, 7, 19, 2237
List the prime factors of 308536.
2, 38567
List the prime factors of 334875.
3, 5, 19, 47
List the prime factors of 2385138.
2, 3, 7, 109, 521
List the prime factors of 568543.
199, 2857
What are the prime factors of 6346683?
3, 7, 100741
What are the prime factors of 788047?
13, 4663
List the prime factors of 1967514.
2, 3, 47, 6977
What are the prime factors of 13859281?
1277, 10853
List the prime factors of 16279874.
2, 13, 71, 8819
What are the prime factors of 14627748?
2, 3, 733, 1663
What are the prime factors of 1286001?
3, 43, 3323
What are the prime factors of 1971811?
163, 12097
What are the prime factors of 7601973?
3, 29, 59, 1481
List the prime factors of 423037.
127, 3331
What are the prime factors of 156440?
2, 5, 3911
What are the prime factors of 20541715?
5, 29, 141667
List the prime factors of 4243765.
5, 227, 3739
List the prime factors of 10010019.
3, 227, 14699
List the prime factors of 802252.
2, 11, 18233
List the prime factors of 860864.
2, 13451
What are the prime factors of 5445645?
3, 5, 363043
What are the prime factors of 8078849?
29, 278581
List the prime factors of 301477.
11, 27407
List the prime factors of 243094.
2, 121547
What are the prime factors of 1907367?
3, 7, 11, 23, 359
List the prime factors of 30359.
7, 4337
What are the prime factors of 6864322?
2, 3432161
List the prime factors of 3358358.
2, 1223, 1373
List the prime factors of 20811696.
2, 3, 433577
What are the prime factors of 501941?
11, 45631
What are the prime factors of 4527535?
5, 905507
What are the prime factors of 15580?
2, 5, 19, 41
What are the prime factors of 1540225?
5, 61609
What are the prime factors of 264990?
2, 3, 5, 11, 73
What are the prime factors of 10011804?
2, 3, 11, 73, 1039
What are the prime factors of 8280769?
7, 1182967
List the prime factors of 10826386.
2, 5413193
List the prime factors of 205643.
23, 8941
What are the prime factors of 76656?
2, 3, 1597
What are the prime factors of 2002501?
919, 2179
List the prime factors of 180919.
227, 797
What are the prime factors of 286399?
17, 991
List the p